{"id":1568,"date":"2024-03-28T01:25:10","date_gmt":"2024-03-28T04:25:10","guid":{"rendered":"https:\/\/tssctambores.com.br\/tssc\/?post_type=product&#038;p=1568"},"modified":"2024-03-28T01:25:10","modified_gmt":"2024-03-28T04:25:10","slug":"containers-plasticos-de-1000-litros-ibcs","status":"publish","type":"product","link":"https:\/\/tssctambores.com.br\/tssc\/produto\/containers-plasticos-de-1000-litros-ibcs\/","title":{"rendered":"Containers Pl\u00e1sticos de 1000 Litros (IBC&#8217;s)"},"content":{"rendered":"<ul>\n<li><strong>Capacidade:<\/strong> 1000 Litros<\/li>\n<li><strong>Caracter\u00edsticas:<\/strong>\n<ul>\n<li>Grade de a\u00e7o galvanizado para suporte e seguran\u00e7a.<\/li>\n<li>Bandeja inferior para f\u00e1cil manuseio e transporte.<\/li>\n<li>V\u00e1lvula de sa\u00edda com tampa rosqueada para controle de fluxo.<\/li>\n<li>F\u00e1cil manejo, promovendo efici\u00eancia no uso.<\/li>\n<li>Melhor aproveitamento de espa\u00e7o devido ao design compacto.<\/li>\n<li>Possibilidade de empilhamento para economia de espa\u00e7o.<\/li>\n<\/ul>\n<\/li>\n<li><strong>Dimens\u00f5es:<\/strong>\n<ul>\n<li>Altura: 114 cm<\/li>\n<li>Aresta 1: 120 cm<\/li>\n<li>Aresta 2: 100 cm<\/li>\n<\/ul>\n<\/li>\n<\/ul>\n","protected":false},"excerpt":{"rendered":"<p>Capacidade: 1000 Litros Caracter\u00edsticas: Grade de a\u00e7o galvanizado para suporte e seguran\u00e7a. Bandeja inferior para f\u00e1cil manuseio e transporte. V\u00e1lvula de sa\u00edda com tampa rosqueada para controle de fluxo. F\u00e1cil manejo, promovendo efici\u00eancia no uso. Melhor aproveitamento de espa\u00e7o devido ao design compacto. Possibilidade de empilhamento para economia de espa\u00e7o. Dimens\u00f5es: Altura: 114 cm Aresta [&hellip;]<\/p>\n","protected":false},"featured_media":1569,"comment_status":"closed","ping_status":"closed","template":"","meta":{"_uag_custom_page_level_css":"","site-sidebar-layout":"default","site-content-layout":"","ast-site-content-layout":"default","site-content-style":"boxed","site-sidebar-style":"boxed","ast-global-header-display":"","ast-banner-title-visibility":"","ast-main-header-display":"","ast-hfb-above-header-display":"","ast-hfb-below-header-display":"","ast-hfb-mobile-header-display":"","site-post-title":"","ast-breadcrumbs-content":"","ast-featured-img":"","footer-sml-layout":"","theme-transparent-header-meta":"default","adv-header-id-meta":"","stick-header-meta":"","header-above-stick-meta":"","header-main-stick-meta":"","header-below-stick-meta":"","astra-migrate-meta-layouts":"set","ast-page-background-enabled":"default","ast-page-background-meta":{"desktop":{"background-color":"var(--ast-global-color-4)","background-image":"","background-repeat":"repeat","background-position":"center center","background-size":"auto","background-attachment":"scroll","background-type":"","background-media":"","overlay-type":"","overlay-color":"","overlay-opacity":"","overlay-gradient":""},"tablet":{"background-color":"","background-image":"","background-repeat":"repeat","background-position":"center center","background-size":"auto","background-attachment":"scroll","background-type":"","background-media":"","overlay-type":"","overlay-color":"","overlay-opacity":"","overlay-gradient":""},"mobile":{"background-color":"","background-image":"","background-repeat":"repeat","background-position":"center center","background-size":"auto","background-attachment":"scroll","background-type":"","background-media":"","overlay-type":"","overlay-color":"","overlay-opacity":"","overlay-gradient":""}},"ast-content-background-meta":{"desktop":{"background-color":"var(--ast-global-color-5)","background-image":"","background-repeat":"repeat","background-position":"center center","background-size":"auto","background-attachment":"scroll","background-type":"","background-media":"","overlay-type":"","overlay-color":"","overlay-opacity":"","overlay-gradient":""},"tablet":{"background-color":"var(--ast-global-color-5)","background-image":"","background-repeat":"repeat","background-position":"center center","background-size":"auto","background-attachment":"scroll","background-type":"","background-media":"","overlay-type":"","overlay-color":"","overlay-opacity":"","overlay-gradient":""},"mobile":{"background-color":"var(--ast-global-color-5)","background-image":"","background-repeat":"repeat","background-position":"center center","background-size":"auto","background-attachment":"scroll","background-type":"","background-media":"","overlay-type":"","overlay-color":"","overlay-opacity":"","overlay-gradient":""}},"_joinchat":[]},"product_brand":[],"product_cat":[25],"product_tag":[],"class_list":{"0":"post-1568","1":"product","2":"type-product","3":"status-publish","4":"has-post-thumbnail","6":"product_cat-containers","7":"desktop-align-left","8":"tablet-align-left","9":"mobile-align-left","11":"first","12":"instock","13":"shipping-taxable","14":"product-type-simple"},"aioseo_notices":[],"uagb_featured_image_src":{"full":["https:\/\/tssctambores.com.br\/tssc\/wp-content\/uploads\/2024\/03\/containers-plasticos-de-1000-litros.png",369,410,false],"thumbnail":["https:\/\/tssctambores.com.br\/tssc\/wp-content\/uploads\/2024\/03\/containers-plasticos-de-1000-litros-150x150.png",150,150,true],"medium":["https:\/\/tssctambores.com.br\/tssc\/wp-content\/uploads\/2024\/03\/containers-plasticos-de-1000-litros-270x300.png",270,300,true],"medium_large":["https:\/\/tssctambores.com.br\/tssc\/wp-content\/uploads\/2024\/03\/containers-plasticos-de-1000-litros.png",369,410,false],"large":["https:\/\/tssctambores.com.br\/tssc\/wp-content\/uploads\/2024\/03\/containers-plasticos-de-1000-litros.png",369,410,false],"1536x1536":["https:\/\/tssctambores.com.br\/tssc\/wp-content\/uploads\/2024\/03\/containers-plasticos-de-1000-litros.png",369,410,false],"2048x2048":["https:\/\/tssctambores.com.br\/tssc\/wp-content\/uploads\/2024\/03\/containers-plasticos-de-1000-litros.png",369,410,false],"woocommerce_thumbnail":["https:\/\/tssctambores.com.br\/tssc\/wp-content\/uploads\/2024\/03\/containers-plasticos-de-1000-litros-300x300.png",300,300,true],"woocommerce_single":["https:\/\/tssctambores.com.br\/tssc\/wp-content\/uploads\/2024\/03\/containers-plasticos-de-1000-litros.png",369,410,false],"woocommerce_gallery_thumbnail":["https:\/\/tssctambores.com.br\/tssc\/wp-content\/uploads\/2024\/03\/containers-plasticos-de-1000-litros-100x100.png",100,100,true]},"uagb_author_info":{"display_name":"wordpress.tssctambores.com","author_link":"https:\/\/tssctambores.com.br\/tssc\/author\/"},"uagb_comment_info":0,"uagb_excerpt":"Capacidade: 1000 Litros Caracter\u00edsticas: Grade de a\u00e7o galvanizado para suporte e seguran\u00e7a. Bandeja inferior para f\u00e1cil manuseio e transporte. V\u00e1lvula de sa\u00edda com tampa rosqueada para controle de fluxo. F\u00e1cil manejo, promovendo efici\u00eancia no uso. Melhor aproveitamento de espa\u00e7o devido ao design compacto. Possibilidade de empilhamento para economia de espa\u00e7o. Dimens\u00f5es: Altura: 114 cm Aresta&hellip;","_links":{"self":[{"href":"https:\/\/tssctambores.com.br\/tssc\/wp-json\/wp\/v2\/product\/1568","targetHints":{"allow":["GET"]}}],"collection":[{"href":"https:\/\/tssctambores.com.br\/tssc\/wp-json\/wp\/v2\/product"}],"about":[{"href":"https:\/\/tssctambores.com.br\/tssc\/wp-json\/wp\/v2\/types\/product"}],"replies":[{"embeddable":true,"href":"https:\/\/tssctambores.com.br\/tssc\/wp-json\/wp\/v2\/comments?post=1568"}],"wp:featuredmedia":[{"embeddable":true,"href":"https:\/\/tssctambores.com.br\/tssc\/wp-json\/wp\/v2\/media\/1569"}],"wp:attachment":[{"href":"https:\/\/tssctambores.com.br\/tssc\/wp-json\/wp\/v2\/media?parent=1568"}],"wp:term":[{"taxonomy":"product_brand","embeddable":true,"href":"https:\/\/tssctambores.com.br\/tssc\/wp-json\/wp\/v2\/product_brand?post=1568"},{"taxonomy":"product_cat","embeddable":true,"href":"https:\/\/tssctambores.com.br\/tssc\/wp-json\/wp\/v2\/product_cat?post=1568"},{"taxonomy":"product_tag","embeddable":true,"href":"https:\/\/tssctambores.com.br\/tssc\/wp-json\/wp\/v2\/product_tag?post=1568"}],"curies":[{"name":"wp","href":"https:\/\/api.w.org\/{rel}","templated":true}]}}